{"id":55,"date":"2023-05-04T14:53:20","date_gmt":"2023-05-04T14:53:20","guid":{"rendered":"https:\/\/schlossbergkinder.de\/?page_id=55"},"modified":"2023-05-05T08:21:33","modified_gmt":"2023-05-05T08:21:33","slug":"uli-becker","status":"publish","type":"page","link":"https:\/\/schlossbergkinder.de\/?page_id=55","title":{"rendered":"Uli Becker"},"content":{"rendered":"<div class=\"wp-block-image\">\n<figure class=\"aligncenter size-full is-resized\"><img loading=\"lazy\" decoding=\"async\" src=\"https:\/\/schlossbergkinder.de\/wp-content\/uploads\/2023\/05\/uli-1024x1024-1.jpeg\" alt=\"\" class=\"wp-image-56\" width=\"256\" height=\"256\" srcset=\"https:\/\/schlossbergkinder.de\/wp-content\/uploads\/2023\/05\/uli-1024x1024-1.jpeg 1024w, https:\/\/schlossbergkinder.de\/wp-content\/uploads\/2023\/05\/uli-1024x1024-1-300x300.jpeg 300w, https:\/\/schlossbergkinder.de\/wp-content\/uploads\/2023\/05\/uli-1024x1024-1-150x150.jpeg 150w, https:\/\/schlossbergkinder.de\/wp-content\/uploads\/2023\/05\/uli-1024x1024-1-768x768.jpeg 768w\" sizes=\"auto, (max-width: 256px) 100vw, 256px\" \/><\/figure>\n<\/div>\n\n\n<p>Liebe Eltern und Interessierte am Projekt \u201eSchlossbergkinder\u201c,<\/p>\n\n\n\n<p>ein Wintersonnwendfeuer hat die Initialz\u00fcndung f\u00fcr dieses Projekt gegeben. Melanie und ich arbeiten seit dem kontinuierlich an unserer Idee, die sich im September 2020 mit Er\u00f6ffnung unseres Wald- und Naturkindergartens in H\u00f6henberg verwirklicht hat.&nbsp;<br><br>Ich arbeite seit 20 Jahren selbstst\u00e4ndig als Dipl. Sozialp\u00e4dagoge (FH) in der Kinder- und Jugendhilfe, in der familiengerichtlichen Vertretung von Kindern und Jugendlichen (Anwalt des Kindes), in der Erziehungsberatung und als Mediator. Ich konnte in dieser Zeit immer wieder feststellen, dass der Wald ein sehr hilfreiches Mittel ist, auch mit problembehafteten und belasteten Kindern gut und erfolgreich arbeiten zu k\u00f6nnen. Der Wald tr\u00e4gt oftmals dazu bei, ihnen Ruhe und Kraft f\u00fcr ihren oftmals schweren Lebensweg mitzugeben.&nbsp;<br><br>Als Facherzieher f\u00fcr Wald- und Naturp\u00e4dagogik habe ich erfahren und beobachtet, dass der Wald und die Natur uns sowohl Regeln und Grenzen, aber auch Ruhe, Kraft und Freiheit bietet, die ich lernen muss richtig zu deuten und f\u00fcr mich einzusetzen. Dies sind genau die Kompetenzen, die ein junger Mensch lernen sollte, wenn er sich in unserer Gesellschaft zurechtfinden will. <br><br>Das Waldkindergartenteam will Ihre Kinder dabei mit unserem Konzept unterst\u00fctzen und Ihren Kindern eine sch\u00f6ne und lehrreiche Kindergartenzeit erm\u00f6glichen.&nbsp;<br><br>Kompetenzen, die man im t\u00e4glichen Alltag durch Forschen und Spielen erlernt und durch dauernde Wiederholung auch verinnerlicht, sind nachhaltig und beeinflussen den weiteren Lebensweg unserer Kinder. Sie erhalten durch die Natur und den Wald Anregung und wir als Waldp\u00e4dagogen wollen sie in ihrem nat\u00fcrlichen Wissensdurst und Lerneifer dabei gezielt unterst\u00fctzen.&nbsp;<br><br>Auch auf die Schule und eine damit andere Art der Wissensvermittlung wollen wir Ihre Kinder vorbereiten. Es wurde unter anderem auch schon in einer Doktorarbeit wissenschaftlich festgestellt, dass Waldkinder in vielen Kompetenzen ihren Altersgenossen mindestens gleich, wenn nicht sogar um einiges voraus sind. Die M\u00e4r vom zappelnden Kind in der Schule kann nach dem heutigen Stand ad acta gelegt werden.&nbsp;<br><br>Ich freue mich, dass wir unser Projekt &#8222;Wald- und Naturkindergarten Schlossbergkinder&#8220; verwirklichen konnten.&nbsp;<\/p>\n\n\n\n<p>Herzlichst, Uli Becker<\/p>\n","protected":false},"excerpt":{"rendered":"<p>Liebe Eltern und Interessierte am Projekt \u201eSchlossbergkinder\u201c, ein Wintersonnwendfeuer hat die Initialz\u00fcndung f\u00fcr dieses Projekt gegeben. Melanie und ich arbeiten seit dem kontinuierlich an unserer Idee, die sich im September 2020 mit Er\u00f6ffnung unseres Wald- und Naturkindergartens in H\u00f6henberg verwirklicht hat.&nbsp;Ich arbeite seit 20 Jahren selbstst\u00e4ndig als Dipl. Sozialp\u00e4dagoge (FH) in der Kinder- und Jugendhilfe, in der familiengerichtlichen Vertretung von Kindern und Jugendlichen (Anwalt des Kindes), in der Erziehungsberatung und als Mediator. Ich konnte in dieser Zeit immer wieder feststellen, dass der Wald ein sehr hilfreiches Mittel ist, auch mit problembehafteten und belasteten Kindern gut und erfolgreich arbeiten zu k\u00f6nnen. Der Wald tr\u00e4gt oftmals dazu bei, ihnen Ruhe und Kraft f\u00fcr ihren oftmals schweren Lebensweg mitzugeben.&nbsp;Als Facherzieher f\u00fcr Wald- und Naturp\u00e4dagogik habe ich erfahren und beobachtet, dass der Wald und die Natur uns sowohl Regeln und Grenzen, aber auch Ruhe, Kraft und Freiheit bietet, die ich lernen muss richtig zu deuten und f\u00fcr mich einzusetzen. Dies sind genau die Kompetenzen, die ein junger Mensch lernen sollte, wenn er sich in unserer Gesellschaft zurechtfinden will. Das Waldkindergartenteam will Ihre Kinder dabei mit unserem Konzept unterst\u00fctzen und Ihren Kindern eine sch\u00f6ne und lehrreiche Kindergartenzeit erm\u00f6glichen.&nbsp;Kompetenzen, die man im t\u00e4glichen Alltag durch Forschen und Spielen erlernt und durch dauernde Wiederholung auch verinnerlicht, sind nachhaltig und beeinflussen den weiteren Lebensweg unserer Kinder. Sie erhalten durch die Natur und den Wald Anregung und wir als Waldp\u00e4dagogen wollen sie in ihrem nat\u00fcrlichen Wissensdurst und Lerneifer dabei gezielt unterst\u00fctzen.&nbsp;Auch auf die Schule und eine damit andere Art der Wissensvermittlung wollen wir Ihre Kinder vorbereiten. Es wurde unter anderem auch schon in einer Doktorarbeit wissenschaftlich festgestellt, dass Waldkinder in vielen Kompetenzen ihren Altersgenossen mindestens gleich, wenn nicht sogar um einiges voraus sind. Die M\u00e4r vom zappelnden Kind in der Schule kann nach dem heutigen Stand ad acta gelegt werden.&nbsp;Ich freue mich, dass wir unser Projekt &#8222;Wald- und Naturkindergarten Schlossbergkinder&#8220; verwirklichen konnten.&nbsp; Herzlichst, Uli Becker<\/p>\n","protected":false},"author":1,"featured_media":0,"parent":0,"menu_order":0,"comment_status":"closed","ping_status":"closed","template":"","meta":{"footnotes":""},"class_list":["post-55","page","type-page","status-publish","hentry"],"_links":{"self":[{"href":"https:\/\/schlossbergkinder.de\/index.php?rest_route=\/wp\/v2\/pages\/55","targetHints":{"allow":["GET"]}}],"collection":[{"href":"https:\/\/schlossbergkinder.de\/index.php?rest_route=\/wp\/v2\/pages"}],"about":[{"href":"https:\/\/schlossbergkinder.de\/index.php?rest_route=\/wp\/v2\/types\/page"}],"author":[{"embeddable":true,"href":"https:\/\/schlossbergkinder.de\/index.php?rest_route=\/wp\/v2\/users\/1"}],"replies":[{"embeddable":true,"href":"https:\/\/schlossbergkinder.de\/index.php?rest_route=%2Fwp%2Fv2%2Fcomments&post=55"}],"version-history":[{"count":2,"href":"https:\/\/schlossbergkinder.de\/index.php?rest_route=\/wp\/v2\/pages\/55\/revisions"}],"predecessor-version":[{"id":187,"href":"https:\/\/schlossbergkinder.de\/index.php?rest_route=\/wp\/v2\/pages\/55\/revisions\/187"}],"wp:attachment":[{"href":"https:\/\/schlossbergkinder.de\/index.php?rest_route=%2Fwp%2Fv2%2Fmedia&parent=55"}],"curies":[{"name":"wp","href":"https:\/\/api.w.org\/{rel}","templated":true}]}}

<div class="wp-block-image">
<figure class="aligncenter size-full is-resized"><img loading="lazy" decoding="async" src="https://schlossbergkinder.de/wp-content/uploads/2023/05/uli-1024x1024-1.jpeg" alt="" class="wp-image-56" width="256" height="256" srcset="https://schlossbergkinder.de/wp-content/uploads/2023/05/uli-1024x1024-1.jpeg 1024w, https://schlossbergkinder.de/wp-content/uploads/2023/05/uli-1024x1024-1-300x300.jpeg 300w, https://schlossbergkinder.de/wp-content/uploads/2023/05/uli-1024x1024-1-150x150.jpeg 150w, https://schlossbergkinder.de/wp-content/uploads/2023/05/uli-1024x1024-1-768x768.jpeg 768w" sizes="auto, (max-width: 256px) 100vw, 256px" /></figure>
</div>


<p>Liebe Eltern und Interessierte am Projekt „Schlossbergkinder“,</p>



<p>ein Wintersonnwendfeuer hat die Initialzündung für dieses Projekt gegeben. Melanie und ich arbeiten seit dem kontinuierlich an unserer Idee, die sich im September 2020 mit Eröffnung unseres Wald- und Naturkindergartens in Höhenberg verwirklicht hat.&nbsp;<br><br>Ich arbeite seit 20 Jahren selbstständig als Dipl. Sozialpädagoge (FH) in der Kinder- und Jugendhilfe, in der familiengerichtlichen Vertretung von Kindern und Jugendlichen (Anwalt des Kindes), in der Erziehungsberatung und als Mediator. Ich konnte in dieser Zeit immer wieder feststellen, dass der Wald ein sehr hilfreiches Mittel ist, auch mit problembehafteten und belasteten Kindern gut und erfolgreich arbeiten zu können. Der Wald trägt oftmals dazu bei, ihnen Ruhe und Kraft für ihren oftmals schweren Lebensweg mitzugeben.&nbsp;<br><br>Als Facherzieher für Wald- und Naturpädagogik habe ich erfahren und beobachtet, dass der Wald und die Natur uns sowohl Regeln und Grenzen, aber auch Ruhe, Kraft und Freiheit bietet, die ich lernen muss richtig zu deuten und für mich einzusetzen. Dies sind genau die Kompetenzen, die ein junger Mensch lernen sollte, wenn er sich in unserer Gesellschaft zurechtfinden will. <br><br>Das Waldkindergartenteam will Ihre Kinder dabei mit unserem Konzept unterstützen und Ihren Kindern eine schöne und lehrreiche Kindergartenzeit ermöglichen.&nbsp;<br><br>Kompetenzen, die man im täglichen Alltag durch Forschen und Spielen erlernt und durch dauernde Wiederholung auch verinnerlicht, sind nachhaltig und beeinflussen den weiteren Lebensweg unserer Kinder. Sie erhalten durch die Natur und den Wald Anregung und wir als Waldpädagogen wollen sie in ihrem natürlichen Wissensdurst und Lerneifer dabei gezielt unterstützen.&nbsp;<br><br>Auch auf die Schule und eine damit andere Art der Wissensvermittlung wollen wir Ihre Kinder vorbereiten. Es wurde unter anderem auch schon in einer Doktorarbeit wissenschaftlich festgestellt, dass Waldkinder in vielen Kompetenzen ihren Altersgenossen mindestens gleich, wenn nicht sogar um einiges voraus sind. Die Mär vom zappelnden Kind in der Schule kann nach dem heutigen Stand ad acta gelegt werden.&nbsp;<br><br>Ich freue mich, dass wir unser Projekt &#8222;Wald- und Naturkindergarten Schlossbergkinder&#8220; verwirklichen konnten.&nbsp;</p>



<p>Herzlichst, Uli Becker</p>

<p>Liebe Eltern und Interessierte am Projekt „Schlossbergkinder“, ein Wintersonnwendfeuer hat die Initialzündung für dieses Projekt gegeben. Melanie und ich arbeiten seit dem kontinuierlich an unserer Idee, die sich im September 2020 mit Eröffnung unseres Wald- und Naturkindergartens in Höhenberg verwirklicht hat.&nbsp;Ich arbeite seit 20 Jahren selbstständig als Dipl. Sozialpädagoge (FH) in der Kinder- und Jugendhilfe, in der familiengerichtlichen Vertretung von Kindern und Jugendlichen (Anwalt des Kindes), in der Erziehungsberatung und als Mediator. Ich konnte in dieser Zeit immer wieder feststellen, dass der Wald ein sehr hilfreiches Mittel ist, auch mit problembehafteten und belasteten Kindern gut und erfolgreich arbeiten zu können. Der Wald trägt oftmals dazu bei, ihnen Ruhe und Kraft für ihren oftmals schweren Lebensweg mitzugeben.&nbsp;Als Facherzieher für Wald- und Naturpädagogik habe ich erfahren und beobachtet, dass der Wald und die Natur uns sowohl Regeln und Grenzen, aber auch Ruhe, Kraft und Freiheit bietet, die ich lernen muss richtig zu deuten und für mich einzusetzen. Dies sind genau die Kompetenzen, die ein junger Mensch lernen sollte, wenn er sich in unserer Gesellschaft zurechtfinden will. Das Waldkindergartenteam will Ihre Kinder dabei mit unserem Konzept unterstützen und Ihren Kindern eine schöne und lehrreiche Kindergartenzeit ermöglichen.&nbsp;Kompetenzen, die man im täglichen Alltag durch Forschen und Spielen erlernt und durch dauernde Wiederholung auch verinnerlicht, sind nachhaltig und beeinflussen den weiteren Lebensweg unserer Kinder. Sie erhalten durch die Natur und den Wald Anregung und wir als Waldpädagogen wollen sie in ihrem natürlichen Wissensdurst und Lerneifer dabei gezielt unterstützen.&nbsp;Auch auf die Schule und eine damit andere Art der Wissensvermittlung wollen wir Ihre Kinder vorbereiten. Es wurde unter anderem auch schon in einer Doktorarbeit wissenschaftlich festgestellt, dass Waldkinder in vielen Kompetenzen ihren Altersgenossen mindestens gleich, wenn nicht sogar um einiges voraus sind. Die Mär vom zappelnden Kind in der Schule kann nach dem heutigen Stand ad acta gelegt werden.&nbsp;Ich freue mich, dass wir unser Projekt &#8222;Wald- und Naturkindergarten Schlossbergkinder&#8220; verwirklichen konnten.&nbsp; Herzlichst, Uli Becker</p>
